{"id":558,"date":"2024-03-07T17:36:42","date_gmt":"2024-03-07T17:36:42","guid":{"rendered":"https:\/\/stsenoc.cl\/desarrollo\/?post_type=product&#038;p=558"},"modified":"2025-05-01T15:00:59","modified_gmt":"2025-05-01T19:00:59","slug":"office-365-pro-plus","status":"publish","type":"product","link":"https:\/\/serviciotecnicoenoc.cl\/index.php\/product\/office-365-pro-plus\/","title":{"rendered":"Office 365 &#8211; (5) Dispositivos (1) a\u00f1o"},"content":{"rendered":"<p>\u2705Licencia de Office 365 por (1) a\u00f1o (365 d\u00edas).<\/p>\n<p>\u2705Sistemas operativos compatibles: Windows, MAC, Android, iOS.<\/p>\n<p>\u2705Te otorgamos un usuario y contrase\u00f1a para el uso en hasta (5) dispositivos.<\/p>\n<p>\u2705Puedes usar Office con o sin internet.<\/p>\n<p>\u2705Soporte Post Venta en el caso de cualquier duda o consulta con la instalaci\u00f3n.<\/p>\n<p>\u00bfPor qu\u00e9 deber\u00edas comprarnos a nosotros?<\/p>\n<p><strong>\ud83d\udcaa\ud83c\udffbSomos una empresa Chilena establecida Otorgamos Boleta\/factura\ud83c\udde8\ud83c\uddf1<\/strong><br \/>\n\ud83d\udcaa\ud83c\udffbOfrecemos una pol\u00edtica de devoluci\u00f3n transparente. Si por alguna raz\u00f3n no est\u00e1s satisfecho con tu compra, te garantizamos un proceso de devoluci\u00f3n f\u00e1cil y sin complicaciones.<br \/>\n\ud83d\udcaa\ud83c\udffbNuestro proceso de pago est\u00e1 cifrado y es completamente seguro. Puedes realizar tus transacciones con la confianza de que tu informaci\u00f3n financiera est\u00e1 protegida.<\/p>\n<h6><em><strong>\ud83d\udccdTe otorgamos videos instructivos de como instalar Office en tu equipo.<br \/>\n<\/strong><\/em><\/h6>\n","protected":false},"excerpt":{"rendered":"<p>\u2705Licencia de Office 365 por (1) a\u00f1o (365 d\u00edas). \u2705Sistemas operativos compatibles: Windows, MAC, Android, iOS. \u2705Te otorgamos un usuario y contrase\u00f1a para el uso en hasta (5) dispositivos. \u2705Puedes usar Office con o sin internet. \u2705Soporte Post Venta en el caso de cualquier duda o consulta con la instalaci\u00f3n. \u00bfPor qu\u00e9 deber\u00edas comprarnos a [&hellip;]<\/p>\n","protected":false},"featured_media":9198,"template":"","meta":[],"product_brand":[],"product_cat":[45,38],"product_tag":[],"class_list":{"0":"post-558","1":"product","2":"type-product","3":"status-publish","4":"has-post-thumbnail","6":"product_cat-ofimatica","7":"product_cat-licencias","9":"first","10":"instock","11":"virtual","12":"purchasable","13":"product-type-simple"},"jetpack_sharing_enabled":true,"_links":{"self":[{"href":"https:\/\/serviciotecnicoenoc.cl\/index.php\/wp-json\/wp\/v2\/product\/558","targetHints":{"allow":["GET"]}}],"collection":[{"href":"https:\/\/serviciotecnicoenoc.cl\/index.php\/wp-json\/wp\/v2\/product"}],"about":[{"href":"https:\/\/serviciotecnicoenoc.cl\/index.php\/wp-json\/wp\/v2\/types\/product"}],"wp:featuredmedia":[{"embeddable":true,"href":"https:\/\/serviciotecnicoenoc.cl\/index.php\/wp-json\/wp\/v2\/media\/9198"}],"wp:attachment":[{"href":"https:\/\/serviciotecnicoenoc.cl\/index.php\/wp-json\/wp\/v2\/media?parent=558"}],"wp:term":[{"taxonomy":"product_brand","embeddable":true,"href":"https:\/\/serviciotecnicoenoc.cl\/index.php\/wp-json\/wp\/v2\/product_brand?post=558"},{"taxonomy":"product_cat","embeddable":true,"href":"https:\/\/serviciotecnicoenoc.cl\/index.php\/wp-json\/wp\/v2\/product_cat?post=558"},{"taxonomy":"product_tag","embeddable":true,"href":"https:\/\/serviciotecnicoenoc.cl\/index.php\/wp-json\/wp\/v2\/product_tag?post=558"}],"curies":[{"name":"wp","href":"https:\/\/api.w.org\/{rel}","templated":true}]}}